?
26
Suppose 5*k + 20 = -4*j, -5*k + 20 = -3*j - j. Suppose -r - 5*r + 108 = k. Calculate the greatest common factor of 9 and r.
9
Let h(i) = 179*i**2 + 11*i + 12. Let b be h(-1). Suppose 92 - 20 = y. What is the greatest common divisor of y and b?
36
Suppose -11456 = -4*w + 3*b - 2136, -3*b = 0. Calculate the highest common factor of 10 and w.
10
Let v(o) = -o**2 + 8*o + 55. Let p be v(11). Let d = 79 + -13. Let l be (2/(-3))/((-4)/d). What is the greatest common divisor of l and p?
11
Let c(n) = -n**2 - 12*n + 36. Let l be c(-16). Let q = l + 40. What is the highest common divisor of q and 48?
12
Let f be 744/16*(-10)/(-15). What is the highest common divisor of f and 992?
31
Let a(j) = -2*j**3 + 23*j**2 - 12*j - 26. Let p be a(10). Calculate the greatest common divisor of p and 88.
22
Let x = 47 + -26. Let g = 22 - x. Calculate the greatest common factor of 2 and g.
1
Suppose 20 = 4*s + 2*h, 0 = 4*s - s + 4*h - 15. Suppose 0 = s*a - 3*r - 2*r - 75, r + 49 = 3*a. Let j = -5 + a. What is the highest common divisor of j and 24?
12
Suppose -4*s - 104 = -2*d + 534, -4*s = 2*d - 646. Let u be ((-45)/10)/(2 + d/(-156)). Calculate the highest common divisor of u and 52.
26
Let g(k) = k**2 - 5*k - 22. Let o = -105 + 151. Suppose -3*q = -3*m + q + o, -5*q = -4*m + 60. Let n be g(m). What is the greatest common factor of 4 and n?
4
Suppose 127 = 3*b + 1. Suppose -b = -4*m + 14. What is the greatest common divisor of m and 56?
14
Suppose 3*x = 5*x + 24. Let n = -3 - x. Suppose f = 5*r - 0*f - 132, 2*r + 4*f - 66 = 0. What is the greatest common divisor of n and r?
9
Suppose -4*a + 96 = 28. Calculate the greatest common factor of 323 and a.
17
Suppose 0 = a - x - 60, -148 = 10*a - 12*a - 5*x. Suppose -1 - 5 = 3*t. Let u be (2/(-5) - t)*5. What is the highest common divisor of u and a?
8
Let v(s) = 3*s**2 + 6*s. Let w be 0 + 4 + (-4 - -2). Suppose -w = 2*j + 6. Let r be v(j). What is the highest common factor of 48 and r?
24
Suppose -m + 28 = -62. What is the highest common divisor of m and 144?
18
Let l(g) be the first derivative of -6*g - 4*g**2 + 62 - 3*g**2 - 53. Let u be l(-5). Calculate the highest common divisor of 8 and u.
8
Let f = 43 - 10. Suppose -f*g + 36*g = 450. Calculate the highest common divisor of g and 10.
10
Let w(f) = 17*f - 32. Let k be w(2). Let r be ((-3)/(-12))/((-2)/(k + -10)). What is the greatest common factor of r and 1?
1
Let t be 392/(-21)*63/(-84). Suppose 18 = -m - 5*b, 0 = b + 4*b + 20. Suppose -65 = m*z - 233. Calculate the highest common factor of z and t.
14
Let y(s) = -3*s**3 + 23*s**2 - 8*s + 14. Let v be y(7). Calculate the highest common divisor of v and 2632.
56
Suppose -39*u + 38*u + 345 = 0. What is the highest common factor of 15 and u?
15
Suppose -9*w - n = -4*w - 807, 5*w - n = 813. What is the highest common factor of 18 and w?
18
Let x = 412 - 226. What is the highest common factor of x and 31?
31
Let a(z) = -44*z - 63. Let w be a(-3). Calculate the greatest common divisor of w and 391.
23
Let c be 4 + (-150)/39 + (-2123)/(-143). Calculate the greatest common factor of 4140 and c.
15
Suppose -2*x = 3*x - 2*a - 1759, -x + 362 = 3*a. Suppose 10*s = 997 + x. Calculate the greatest common factor of 5 and s.
5
Suppose o - 8*o = -21. Suppose -50 = -2*x - o*x. What is the greatest common factor of 25 and x?
5
Suppose 2*b - 27 = 8*n - 7*n, n = -3. Suppose 3*g = x - 4*x + b, -3*x = -4*g + 9. Suppose -3*k + 25 = -56. Calculate the highest common factor of g and k.
3
Let j be (18/8)/3*16. Suppose -2*c + 20 + j = 0. Let v = -221 + 223. Calculate the greatest common divisor of c and v.
2
Let b = 20 + -17. Suppose 0 = -5*f + 4*o + 122, 0 = -2*f - b*o + 35 + 23. Let r = -11 + f. Calculate the greatest common divisor of 6 and r.
3
Let r be -12*((7 - 11) + -42). Calculate the greatest common factor of 24 and r.
24
Suppose 3*a = -2*a + 20. Suppose -2*z = z - 2*g - 22, 3*z - 5*g - 28 = 0. What is the greatest common factor of z and a?
2
Let h be (48 + 12)/(6/81). Calculate the highest common divisor of h and 30.
30
Suppose 38*r + 162 = 56*r. Calculate the highest common factor of r and 8.
1
Suppose 1046 = 5*p + 3*q, -26*p = -22*p + 5*q - 842. What is the greatest common divisor of 16 and p?
16
Let b be (12 - 5) + (-4 + 2 - 0). Let d be ((-21)/(-63))/(2/6). Calculate the greatest common divisor of b and d.
1
Let u(y) = y**3 - 19*y**2 + 19*y + 21. Suppose 10 = 5*k, -5*r - 3*k - k + 98 = 0. Let h be u(r). What is the greatest common divisor of h and 39?
39
Let y(b) = b**3 - 13*b**2 + b + 17. Suppose -81 = -4*o - 29. Let f be y(o). What is the highest common factor of 10 and f?
10
Suppose 17 - 2 = u. Suppose -21*l + 29*l - 1320 = 0. Calculate the greatest common divisor of u and l.
15
Let r = -563 - -815. Let d be (120/100)/(1*(-3)/(-70)). Calculate the greatest common factor of r and d.
28
Suppose -2*k = -4*c - 496, 972 = -89*k + 93*k - 3*c. Calculate the highest common divisor of 840 and k.
120
Let s = -13 - -13. Suppose 2*u = -s*u. Suppose -h = -5*d - u*h + 51, -4*h - 4 = 0. Calculate the greatest common divisor of d and 5.
5
Suppose 0 = 2*q + q - 27. Suppose 125*c = 111*c + 28. Suppose g + c = 0, q*o - 4*o + g = 658. What is the greatest common divisor of 12 and o?
12
Suppose 3872 = 4*l - 5*n, -2*l + 0*l + 5*n = -1926. Calculate the highest common factor of l and 417.
139
Let t be (-8 + 7)/((-414)/(-210) - 2). Calculate the greatest common factor of t and 7.
7
Let g be (-2)/6 - (-28)/21 - -20. Let h be 9 + -3 - (-7)/(g/6). Let s = 1 - -23. Calculate the highest common factor of h and s.
8
Suppose 0 = z + 5*f - 110, 0 = -4*f + 2*f + 6. Let c(s) = -s**2 - 13*s - 4. Let w be c(-7). Calculate the highest common divisor of z and w.
19
Let f = -47 + 50. Suppose -5*i = 2*a - 7, -f*a = -i - 10 - 9. Calculate the highest common factor of a and 8.
2
Suppose -2*w + 19 = 21. Let z be (-66)/(-30) + w/5. What is the highest common divisor of 26 and z?
2
Let u = -1 - -9. Let w = -5 + 6. What is the greatest common divisor of u and w?
1
Let f be 12 - ((-1)/(-2))/((-12)/(-24)). Let j be (1/(-2))/((-1)/22). What is the highest common factor of j and f?
11
Suppose 0 = r + 3, -5*r + 162 + 373 = 5*p. What is the highest common divisor of p and 10?
10
Let u be (5 - 9) + (8 - 2). Suppose u*y - 28 = -2*c - c, 0 = -y - 3*c + 20. Calculate the highest common divisor of 8 and y.
8
Let i be 103 + -47 - 4*2. Calculate the highest common factor of i and 21.
3
Let j(k) = -2*k + 16. Let w be j(7). Let a be (w/3)/(4/54). Calculate the highest common factor of a and 6.
3
Let n(b) = b - 2. Let j be n(-7). Let x = 13 + j. Let u be ((-80)/12 + 4)/((-4)/6). Calculate the greatest common divisor of u and x.
4
Suppose s - 51 + 48 = 0. Suppose 0 = -v - 8*m + s*m + 6, 0 = 3*v - 3*m - 72. Calculate the highest common factor of 42 and v.
21
Suppose 4*v = -58 - 6. Let u = 18 + v. Suppose -r - 4*y = -56, -u*y = -3*r - 4*y + 118. What is the highest common divisor of 4 and r?
4
Suppose -2*l + 297 = 3*d + 50, 4*d = -5*l + 334. Calculate the highest common factor of d and 675.
27
Let c(d) be the third derivative of d**4/12 + d**3/3 + 16*d**2. Let j be c(0). What is the greatest common factor of j and 16?
2
Let i(t) = t**3 + 15*t**2 + 25*t - 9. Suppose 0 = -3*k + 2*k - 13. Let s be i(k). Calculate the greatest common factor of s and 32.
4
Let i = -2 - -4. Suppose -i*w + 35 = -w. Suppose 0 = 2*h + 3*h - 35. Calculate the greatest common factor of w and h.
7
Let g be (-8 + (-19)/(-2))/(3/(-1064)). Let o be (-2 - g/6)*(-54)/(-18). Calculate the greatest common divisor of o and 104.
52
Suppose -38*j - 154 = -49*j. Calculate the greatest common factor of 518 and j.
14
Suppose 0 = 4*j - 6*j + 2. Let t be (-1)/(-5) - ((-102)/15)/j. Calculate the greatest common factor of t and 56.
7
Let u be 7/((-28)/(-16)) - -1. Let c(a) = -a**3 - 5*a**2 + 5*a - 1. Let r be c(-6). What is the highest common factor of u and r?
5
Let c = 109 + -64. Calculate the greatest common divisor of 195 and c.
15
Let l be 6/4 - 430/(-20). Suppose -2*y + l = -1. Calculate the greatest common factor of 132 and y.
12
Suppose 1056 = -12*f + 34*f. Calculate the highest common divisor of f and 112.
16
Let o(b) = -2*b + 46. Let n be o(14). Let a be 16/(-6) - -2 - (-48)/n. What is the highest common divisor of a